 389
List the prime factors of 349284308.
2, 673, 129749
List the prime factors of 539677893.
3, 37, 463, 10501
What are the prime factors of 44256177?
3, 7, 73, 9623
What are the prime factors of 38641073?
38641073
List the prime factors of 31221943.
587, 53189
What are the prime factors of 132196456?
2, 7, 23, 197, 521
List the prime factors of 1059090392.
2, 773, 171263
List the prime factors of 57556394.
2, 7, 4111171
List the prime factors of 2762236092.
2, 3, 7, 11, 17, 41, 4289
What are the prime factors of 24801126?
2, 3, 7, 367, 1609
What are the prime factors of 537049334?
2, 857, 313331
What are the prime factors of 72990466?
2, 36495233
What are the prime factors of 1277961435?
3, 5, 9466381
What are the prime factors of 16569816?
2, 3, 103, 6703
What are the prime factors of 467733687?
3, 37, 4213817
List the prime factors of 47025023.
47025023
List the prime factors of 50938806.
2, 3, 1451, 5851
List the prime factors of 343161666.
2, 3, 19064537
What are the prime factors of 127886801?
7, 17, 397, 2707
What are the prime factors of 556783487?
13, 42829499
What are the prime factors of 5923363?
47, 193, 653
What are the prime factors of 693910717?
331, 2096407
List the prime factors of 5643117498.
2, 3, 1259, 747037
What are the prime factors of 17068963?
263, 64901
List the prime factors of 15372251.
15372251
What are the prime factors of 421543481?
19, 271, 81869
What are the prime factors of 923402174?
2, 67, 6891061
What are the prime factors of 50933472?
2, 3, 193, 2749
List the prime factors of 3194860729.
3677, 868877
What are the prime factors of 2132724601?
7, 304674943
List the prime factors of 45967035.
3, 5, 3064469
List the prime factors of 222429392.
2, 13901837
List the prime factors of 46387462.
2, 11, 2108521
List the prime factors of 37555129.
37555129
What are the prime factors of 98067773?
307, 319439
List the prime factors of 157703967.
3, 163, 193, 557
What are the prime factors of 20003359?
29, 689771
What are the prime factors of 126310449?
3, 3539, 11897
List the prime factors of 86766741.
3, 23, 139721
List the prime factors of 180513523.
180513523
List the prime factors of 41484166.
2, 20742083
List the prime factors of 35109016.
2, 193, 22739
What are the prime factors of 33894747?
3, 1255361
List the prime factors of 806050428.
2, 3, 67170869
List the prime factors of 19194425.
5, 31, 24767
List the prime factors of 1789825623.
3, 9817, 60773
List the prime factors of 2018434685.
5, 97, 4161721
What are the prime factors of 8760370704?
2, 3, 182507723
What are the prime factors of 229273121?
7, 11, 2977573
List the prime factors of 43358146.
2, 13, 191, 8731
What are the prime factors of 352610381?
352610381
What are the prime factors of 1959520256?
2, 29, 32993
What are the prime factors of 729875019?
3, 67, 3631219
What are the prime factors of 46522649?
46522649
List the prime factors of 4098080.
2, 5, 7, 3659
What are the prime factors of 494508809?
23, 197, 109139
What are the prime factors of 49951960?
2, 5, 1248799
What are the prime factors of 64566653?
64566653
What are the prime factors of 151546684?
2, 457, 82903
List the prime factors of 37147796.
2, 7, 31, 42797
What are the prime factors of 209198422?
2, 104599211
List the prime factors of 1079932367.
7487, 144241
What are the prime factors of 43439549?
137, 317077
What are the prime factors of 4222177785?
3, 5, 7, 1669, 2677
List the prime factors of 24240176.
2, 1515011
What are the prime factors of 5358526571?
43, 124616897
List the prime factors of 40442776.
2, 11, 37, 12421
What are the prime factors of 69128989?
997, 69337
List the prime factors of 41862542.
2, 137, 152783
What are the prime factors of 272901598?
2, 19, 7181621
What are the prime factors of 36701748?
2, 3, 61, 619
List the prime factors of 80038214.
2, 509, 78623
What are the prime factors of 56420638?
2, 59, 149, 3209
What are the prime factors of 39289000?
2, 5, 101, 389
List the prime factors of 3315229.
1733, 1913
What are the prime factors of 3055953723?
3, 211, 1597, 3023
What are the prime factors of 71591199?
3, 17, 47, 29867
What are the prime factors of 1123655848?
2, 7, 2866469
What are the prime factors of 130462239?
3, 43487413
What are the prime factors of 5959422458?
2, 11, 137, 239, 8273
List the prime factors of 1027809697.
1027809697
List the prime factors of 25777216.
2, 402769
List the prime factors of 56593684.
2, 7, 2021203
What are the prime factors of 189199470?
2, 3, 5, 79, 97, 823
List the prime factors of 230881108.
2, 47, 1228091
What are the prime factors of 70511145?
3, 5, 4700743
List the prime factors of 42505723.
13, 383, 8537
List the prime factors of 13024048.
2, 814003
List the prime factors of 2603354599.
17959, 144961
List the prime factors of 39566105.
5, 1499, 5279
List the prime factors of 508619535.
3, 5, 53, 491, 1303
List the prime factors of 70981120.
2, 5, 7, 17, 233
What are the prime factors of 267557467?
571, 468577
List the prime factors of 287262232.
2, 67, 535937
What are the prime factors of 492769749?
3, 71, 281, 8233
List the prime factors of 2583367221.
3, 861122407
List the prime factors of 673856660.
2, 5, 19, 1773307
What are the prime factors of 674047067?
83, 8121049
List the prime factors of 558050932.
2, 23, 6065771
What are the prime factors of 1162176762?
2, 3, 19, 10194533
What are the prime factors of 7149464?
2, 7, 127669
List the prime factors of 152904233.
152904233
What are the prime factors of 5405529024?
2, 3, 7, 31, 59, 733
List the prime factors of 185469309.
3, 23, 895987
What are the prime factors of 896650550?
2, 5, 17, 157, 6719
What are the prime factors of 1674437233?
7, 71, 3369089
What are the prime factors of 650731671?
3, 67, 359719
What are the prime factors of 2884938?
2, 3, 7, 149, 461
List the prime factors of 2178654249.
3, 103, 2399, 2939
List the prime factors of 513625837.
13217, 38861
What are the prime factors of 56263843?
56263843
List the prime factors of 778694456.
2, 31, 101287
What are the prime factors of 698720154?
2, 3, 11, 1901, 5569
List the prime factors of 27063143.
421, 64283
List the prime factors of 588963968.
2, 173, 26597
List the prime factors of 43843628.
2, 61, 179687
List the prime factors of 2062598000.
2, 5, 1031299
What are the prime factors of 734023171?
7, 2137, 49069
What are the prime factors of 199939950?
2, 3, 5, 7, 63473
List the prime factors of 243633658.
2, 1087, 112067
What are the prime factors of 508681167?
3, 19, 1223, 7297
List the prime factors of 39727339.
109, 364471
What are the prime factors of 4874209309?
6857, 710837
List the prime factors of 249408904.
2, 17, 41, 44729
List the prime factors of 18906600.
2, 3, 5, 31511
List the prime factors of 3556611053.
5407, 657779
List the prime factors of 1295463911.
7, 26438039
List the prime factors of 4967879.
7, 37, 19181
What are the prime factors of 841785208?
2, 11, 349, 27409
What are the prime factors of 5111313414?
2, 3, 23, 37038503
What are the prime factors of 574180034?
2, 287090017
List the prime factors of 392616047.
67, 5859941
List the prime factors of 45742207.
7, 6534601
List the prime factors of 606525099.
3, 17, 73, 101, 1613
List the prime factors of 150193843.
1373, 109391
List the prime factors of 2691928133.
2691928133
List the prime factors of 54117837.
3, 1033, 5821
What are the prime factors of 535012302?
2, 3, 11, 733, 11059
What are the prime factors of 12972640?
2, 5, 89, 911
What are the prime factors of 195983399?
195983399
What are the prime factors of 32311258?
2, 7, 599, 3853
List the prime factors of 52963402.
2, 26481701
List the prime factors of 106755357.
3, 19, 1087, 1723
What are the prime factors of 3886707767?
229, 457, 37139
What are the prime factors of 220611022?
2, 709, 155579
What are the prime factors of 35170369?
13, 2705413
List the prime factors of 88935825.
3, 5, 11, 23, 43, 109
List the prime factors of 912583978.
2, 456291989
What are the prime factors of 49215041?
2083, 23627
List the prime factors of 61198203.
3, 11, 1854491
What are the prime factors of 309086973?
3, 13, 203213
What are the prime factors of 103865173?
103865173
What are the prime factors of 87388842?
2, 3, 14564807
List the prime factors of 33510589.
7, 12